{"id":1214,"date":"2020-05-08T01:10:19","date_gmt":"2020-05-08T05:10:19","guid":{"rendered":"https:\/\/handsandthecity.cl\/ha\/?post_type=product&#038;p=1214"},"modified":"2024-03-07T17:19:14","modified_gmt":"2024-03-07T21:19:14","slug":"corte-de-puntas","status":"publish","type":"product","link":"https:\/\/handsandthecity.cl\/ha\/producto\/corte-de-puntas\/","title":{"rendered":"CORTE DE PUNTAS"},"content":{"rendered":"","protected":false},"excerpt":{"rendered":"<p><span class=\"ILfuVd\"><span class=\"e24Kjd\">El grosor, textura y largura del\u00a0<b>cabello<\/b>\u00a0son caracter\u00edsticas que vienen determinadas por los genes, y un corte\u00a0<b>de pelo<\/b>\u00a0no puede alterar nuestro c\u00f3digo gen\u00e9tico. Adem\u00e1s de esto, el\u00a0<b>pelo<\/b>\u00a0crece en la ra\u00edz del cuero cabelludo, por lo que\u00a0<b>cortar las puntas<\/b>, no va a tener ning\u00fan impacto en la ra\u00edz\u201d, apunta.<\/span><\/span><span class=\"kX21rb\">18<\/span><\/p>\n","protected":false},"featured_media":1216,"comment_status":"open","ping_status":"closed","template":"","meta":{"_et_pb_use_builder":"","_et_pb_old_content":"","_et_gb_content_width":""},"product_brand":[],"product_cat":[35],"product_tag":[],"class_list":{"0":"post-1214","1":"product","2":"type-product","3":"status-publish","4":"has-post-thumbnail","6":"product_cat-gifcard-online","8":"first","9":"instock","10":"sale","11":"shipping-taxable","12":"purchasable","13":"product-type-simple"},"_links":{"self":[{"href":"https:\/\/handsandthecity.cl\/ha\/wp-json\/wp\/v2\/product\/1214","targetHints":{"allow":["GET"]}}],"collection":[{"href":"https:\/\/handsandthecity.cl\/ha\/wp-json\/wp\/v2\/product"}],"about":[{"href":"https:\/\/handsandthecity.cl\/ha\/wp-json\/wp\/v2\/types\/product"}],"replies":[{"embeddable":true,"href":"https:\/\/handsandthecity.cl\/ha\/wp-json\/wp\/v2\/comments?post=1214"}],"wp:featuredmedia":[{"embeddable":true,"href":"https:\/\/handsandthecity.cl\/ha\/wp-json\/wp\/v2\/media\/1216"}],"wp:attachment":[{"href":"https:\/\/handsandthecity.cl\/ha\/wp-json\/wp\/v2\/media?parent=1214"}],"wp:term":[{"taxonomy":"product_brand","embeddable":true,"href":"https:\/\/handsandthecity.cl\/ha\/wp-json\/wp\/v2\/product_brand?post=1214"},{"taxonomy":"product_cat","embeddable":true,"href":"https:\/\/handsandthecity.cl\/ha\/wp-json\/wp\/v2\/product_cat?post=1214"},{"taxonomy":"product_tag","embeddable":true,"href":"https:\/\/handsandthecity.cl\/ha\/wp-json\/wp\/v2\/product_tag?post=1214"}],"curies":[{"name":"wp","href":"https:\/\/api.w.org\/{rel}","templated":true}]}}

<p><span class="ILfuVd"><span class="e24Kjd">El grosor, textura y largura del <b>cabello</b> son características que vienen determinadas por los genes, y un corte <b>de pelo</b> no puede alterar nuestro código genético. Además de esto, el <b>pelo</b> crece en la raíz del cuero cabelludo, por lo que <b>cortar las puntas</b>, no va a tener ningún impacto en la raíz”, apunta.</span></span><span class="kX21rb">18</span></p>
